{"id":184,"date":"2018-02-10T17:33:11","date_gmt":"2018-02-10T17:33:11","guid":{"rendered":"https:\/\/renedk.dk\/?page_id=184"},"modified":"2023-04-18T21:23:04","modified_gmt":"2023-04-18T20:23:04","slug":"dexter","status":"publish","type":"page","link":"http:\/\/renedk.dk\/?page_id=184","title":{"rendered":"Dexter"},"content":{"rendered":"<table style=\"border-collapse: collapse; width: 100%;\">\n<tbody>\n<tr>\n<td style=\"width: 100%;\" colspan=\"4\"><span style=\"color: #ff6600;\">OBS: Alle kreaturer s\u00e6lges kun til dem som har et gyldigt CHR nummer.<\/span><\/p>\n<p><span style=\"color: #ff6600;\">Alle priser er excl. moms.<\/span><\/p>\n<p><span style=\"color: #ff6600;\">Alle vores Dexter g\u00e5r ude \u00e5ret rund hvor de afgr\u00e6sser engarealer, som tilskud f\u00e5r de vitaminer\/mineraler via slikbaljer, og wraph\u00f8 om vinteren. De har naturligvis l\u00e6skure hvis vejret ikke arter sig.<\/span><\/td>\n<\/tr>\n<tr>\n<td style=\"width: 25%;\"><\/td>\n<td style=\"width: 25%;\"><\/td>\n<td style=\"width: 25%;\"><\/td>\n<td style=\"width: 25%;\"><\/td>\n<\/tr>\n<tr>\n<td style=\"width: 25%;\"><\/td>\n<td style=\"width: 25%;\"><\/td>\n<td style=\"width: 25%;\"><\/td>\n<td style=\"width: 25%;\"><\/td>\n<\/tr>\n<tr>\n<td style=\"width: 25%;\"><span style=\"color: #ff6600;\">Billede:<\/span><\/td>\n<td style=\"width: 25%;\"><span style=\"color: #ff6600;\">Beskrivelse:<\/span><\/td>\n<td style=\"width: 25%;\"><span style=\"color: #ff6600;\">Stamtalve:<\/span><\/td>\n<td style=\"width: 25%;\"><span style=\"color: #ff6600;\">Pris excl. moms:<\/span><\/td>\n<\/tr>\n<tr>\n<td style=\"width: 25%;\"><span style=\"color: #808080;\">&#8220;klik p\u00e5 billedet for at forst\u00f8rre&#8221;<\/span><\/td>\n<td style=\"width: 25%;\"><\/td>\n<td style=\"width: 25%;\"><span style=\"color: #808080;\">&#8220;klik p\u00e5 billedet for at forst\u00f8rre&#8221;<\/span><\/td>\n<td style=\"width: 25%;\"><\/td>\n<\/tr>\n<tr>\n<td style=\"width: 25%;\"><\/td>\n<td style=\"width: 25%;\"><\/td>\n<td style=\"width: 25%;\"><\/td>\n<td style=\"width: 25%;\"><\/td>\n<\/tr>\n<tr style=\"border-style: solid;\">\n<td style=\"width: 25%;\"><a href=\"https:\/\/renedk.dk\/wp-content\/uploads\/2023\/03\/829-1-scaled.jpg\"><img loading=\"lazy\" decoding=\"async\" class=\"aligncenter wp-image-1367 size-medium\" src=\"https:\/\/renedk.dk\/wp-content\/uploads\/2023\/03\/829-1-300x225.jpg\" alt=\"\" width=\"300\" height=\"225\" srcset=\"http:\/\/renedk.dk\/wp-content\/uploads\/2023\/03\/829-1-300x225.jpg 300w, http:\/\/renedk.dk\/wp-content\/uploads\/2023\/03\/829-1-1024x768.jpg 1024w, http:\/\/renedk.dk\/wp-content\/uploads\/2023\/03\/829-1-768x576.jpg 768w\" sizes=\"(max-width: 300px) 100vw, 300px\" \/><\/a><\/td>\n<td style=\"width: 25%;\">Kvie 829 er f\u00f8dt 06.03.21<\/td>\n<td style=\"width: 25%;\"><a href=\"https:\/\/renedk.dk\/wp-content\/uploads\/2023\/03\/829.pdf\"><img loading=\"lazy\" decoding=\"async\" class=\"aligncenter wp-image-1374 size-full\" src=\"https:\/\/renedk.dk\/wp-content\/uploads\/2023\/03\/829-pdf-227x300-1.jpg\" alt=\"\" width=\"227\" height=\"300\" \/><\/a><\/td>\n<td style=\"width: 25%;\">4500 kr.-<\/td>\n<\/tr>\n<tr>\n<td style=\"width: 25%;\"><\/td>\n<td style=\"width: 25%;\"><\/td>\n<td style=\"width: 25%;\"><\/td>\n<td style=\"width: 25%;\"><\/td>\n<\/tr>\n<tr style=\"border-style: solid;\">\n<td style=\"width: 25%;\"><a href=\"https:\/\/renedk.dk\/wp-content\/uploads\/2023\/03\/831-scaled.jpg\"><img loading=\"lazy\" decoding=\"async\" class=\"aligncenter wp-image-1365 size-medium\" src=\"https:\/\/renedk.dk\/wp-content\/uploads\/2023\/03\/831-300x225.jpg\" alt=\"\" width=\"300\" height=\"225\" srcset=\"http:\/\/renedk.dk\/wp-content\/uploads\/2023\/03\/831-300x225.jpg 300w, http:\/\/renedk.dk\/wp-content\/uploads\/2023\/03\/831-1024x768.jpg 1024w, http:\/\/renedk.dk\/wp-content\/uploads\/2023\/03\/831-768x576.jpg 768w\" sizes=\"(max-width: 300px) 100vw, 300px\" \/><\/a><\/td>\n<td style=\"width: 25%;\">Kvie 831 er f\u00f8dt 30.06.21<\/td>\n<td style=\"width: 25%;\"><a href=\"https:\/\/renedk.dk\/wp-content\/uploads\/2023\/03\/831.pdf\"><img loading=\"lazy\" decoding=\"async\" class=\"aligncenter wp-image-1374 size-full\" src=\"https:\/\/renedk.dk\/wp-content\/uploads\/2023\/03\/829-pdf-227x300-1.jpg\" alt=\"\" width=\"227\" height=\"300\" \/><\/a><\/td>\n<td style=\"width: 25%;\">4500 kr.-<\/td>\n<\/tr>\n<tr>\n<td style=\"width: 25%;\"><\/td>\n<td style=\"width: 25%;\"><\/td>\n<td style=\"width: 25%;\"><\/td>\n<td style=\"width: 25%;\"><\/td>\n<\/tr>\n<tr style=\"border-style: solid;\">\n<td style=\"width: 25%;\"><a href=\"https:\/\/renedk.dk\/wp-content\/uploads\/2023\/03\/834-scaled.jpg\"><img loading=\"lazy\" decoding=\"async\" class=\"aligncenter wp-image-1366 size-medium\" src=\"https:\/\/renedk.dk\/wp-content\/uploads\/2023\/03\/834-300x225.jpg\" alt=\"\" width=\"300\" height=\"225\" srcset=\"http:\/\/renedk.dk\/wp-content\/uploads\/2023\/03\/834-300x225.jpg 300w, http:\/\/renedk.dk\/wp-content\/uploads\/2023\/03\/834-1024x768.jpg 1024w, http:\/\/renedk.dk\/wp-content\/uploads\/2023\/03\/834-768x576.jpg 768w\" sizes=\"(max-width: 300px) 100vw, 300px\" \/><\/a><\/td>\n<td style=\"width: 25%;\">Kvie 834 er f\u00f8dt 25.07.21<\/td>\n<td style=\"width: 25%;\"><a href=\"https:\/\/renedk.dk\/wp-content\/uploads\/2023\/03\/834.pdf\"><img loading=\"lazy\" decoding=\"async\" class=\"aligncenter wp-image-1374 size-full\" src=\"https:\/\/renedk.dk\/wp-content\/uploads\/2023\/03\/829-pdf-227x300-1.jpg\" alt=\"\" width=\"227\" height=\"300\" \/><\/a><\/td>\n<td style=\"width: 25%;\">4500kr.-<\/td>\n<\/tr>\n<tr>\n<td style=\"width: 25%;\"><\/td>\n<td style=\"width: 25%;\"><\/td>\n<td style=\"width: 25%;\"><\/td>\n<td style=\"width: 25%;\"><\/td>\n<\/tr>\n<tr style=\"border-style: solid;\">\n<td style=\"width: 25%;\"><a href=\"https:\/\/renedk.dk\/wp-content\/uploads\/2023\/03\/835-scaled.jpg\"><img loading=\"lazy\" decoding=\"async\" class=\"aligncenter wp-image-1359 size-medium\" src=\"https:\/\/renedk.dk\/wp-content\/uploads\/2023\/03\/835-300x225.jpg\" alt=\"\" width=\"300\" height=\"225\" srcset=\"http:\/\/renedk.dk\/wp-content\/uploads\/2023\/03\/835-300x225.jpg 300w, http:\/\/renedk.dk\/wp-content\/uploads\/2023\/03\/835-1024x768.jpg 1024w, http:\/\/renedk.dk\/wp-content\/uploads\/2023\/03\/835-768x576.jpg 768w\" sizes=\"(max-width: 300px) 100vw, 300px\" \/><\/a><\/td>\n<td style=\"width: 25%;\">Kvie 835 er f\u00f8dt 04.05.22<\/td>\n<td style=\"width: 25%;\"><a href=\"https:\/\/renedk.dk\/wp-content\/uploads\/2023\/03\/835.pdf\"><img loading=\"lazy\" decoding=\"async\" class=\"aligncenter wp-image-1374 size-full\" src=\"https:\/\/renedk.dk\/wp-content\/uploads\/2023\/03\/829-pdf-227x300-1.jpg\" alt=\"\" width=\"227\" height=\"300\" \/><\/a><\/td>\n<td style=\"width: 25%;\">3200 kr.-<\/td>\n<\/tr>\n<tr>\n<td style=\"width: 25%;\"><\/td>\n<td style=\"width: 25%;\"><\/td>\n<td style=\"width: 25%;\"><\/td>\n<td style=\"width: 25%;\"><\/td>\n<\/tr>\n<tr style=\"border-style: solid;\">\n<td style=\"width: 25%;\"><a href=\"https:\/\/renedk.dk\/wp-content\/uploads\/2023\/03\/836-scaled.jpg\"><img loading=\"lazy\" decoding=\"async\" class=\"aligncenter wp-image-1360 size-medium\" src=\"https:\/\/renedk.dk\/wp-content\/uploads\/2023\/03\/836-300x225.jpg\" alt=\"\" width=\"300\" height=\"225\" srcset=\"http:\/\/renedk.dk\/wp-content\/uploads\/2023\/03\/836-300x225.jpg 300w, http:\/\/renedk.dk\/wp-content\/uploads\/2023\/03\/836-1024x768.jpg 1024w, http:\/\/renedk.dk\/wp-content\/uploads\/2023\/03\/836-768x576.jpg 768w\" sizes=\"(max-width: 300px) 100vw, 300px\" \/><\/a><\/td>\n<td style=\"width: 25%;\">Kvie 836 er f\u00f8dt 06.06.22<\/td>\n<td style=\"width: 25%;\"><a href=\"https:\/\/renedk.dk\/wp-content\/uploads\/2023\/03\/836.pdf\"><img loading=\"lazy\" decoding=\"async\" class=\"aligncenter wp-image-1374 size-full\" src=\"https:\/\/renedk.dk\/wp-content\/uploads\/2023\/03\/829-pdf-227x300-1.jpg\" alt=\"\" width=\"227\" height=\"300\" \/><\/a><\/td>\n<td style=\"width: 25%;\">3200 kr.-<\/td>\n<\/tr>\n<tr>\n<td style=\"width: 25%;\"><\/td>\n<td style=\"width: 25%;\"><\/td>\n<td style=\"width: 25%;\"><\/td>\n<td style=\"width: 25%;\"><\/td>\n<\/tr>\n<tr style=\"border-style: solid;\">\n<td style=\"width: 25%;\"><a href=\"https:\/\/renedk.dk\/wp-content\/uploads\/2023\/03\/837-scaled.jpg\"><img loading=\"lazy\" decoding=\"async\" class=\"aligncenter wp-image-1361 size-medium\" src=\"https:\/\/renedk.dk\/wp-content\/uploads\/2023\/03\/837-300x225.jpg\" alt=\"\" width=\"300\" height=\"225\" srcset=\"http:\/\/renedk.dk\/wp-content\/uploads\/2023\/03\/837-300x225.jpg 300w, http:\/\/renedk.dk\/wp-content\/uploads\/2023\/03\/837-1024x768.jpg 1024w, http:\/\/renedk.dk\/wp-content\/uploads\/2023\/03\/837-768x576.jpg 768w\" sizes=\"(max-width: 300px) 100vw, 300px\" \/><\/a><\/td>\n<td style=\"width: 25%;\">Kvie 837 er f\u00f8dt 16.06.22<\/td>\n<td style=\"width: 25%;\"><a href=\"https:\/\/renedk.dk\/wp-content\/uploads\/2023\/03\/837.pdf\"><img loading=\"lazy\" decoding=\"async\" class=\"aligncenter wp-image-1374 size-full\" src=\"https:\/\/renedk.dk\/wp-content\/uploads\/2023\/03\/829-pdf-227x300-1.jpg\" alt=\"\" width=\"227\" height=\"300\" \/><\/a><\/td>\n<td style=\"width: 25%;\">3200 kr.-<\/td>\n<\/tr>\n<tr>\n<td style=\"width: 25%;\"><\/td>\n<td style=\"width: 25%;\"><\/td>\n<td style=\"width: 25%;\"><\/td>\n<td style=\"width: 25%;\"><\/td>\n<\/tr>\n<tr style=\"border-style: solid;\">\n<td style=\"width: 25%;\"><a href=\"https:\/\/renedk.dk\/wp-content\/uploads\/2023\/03\/838-scaled.jpg\"><img loading=\"lazy\" decoding=\"async\" class=\"aligncenter wp-image-1362 size-medium\" src=\"https:\/\/renedk.dk\/wp-content\/uploads\/2023\/03\/838-300x225.jpg\" alt=\"\" width=\"300\" height=\"225\" srcset=\"http:\/\/renedk.dk\/wp-content\/uploads\/2023\/03\/838-300x225.jpg 300w, http:\/\/renedk.dk\/wp-content\/uploads\/2023\/03\/838-1024x768.jpg 1024w, http:\/\/renedk.dk\/wp-content\/uploads\/2023\/03\/838-768x576.jpg 768w\" sizes=\"(max-width: 300px) 100vw, 300px\" \/><\/a><\/td>\n<td style=\"width: 25%;\">Kvie 838 f\u00f8dt 02.07.22<\/td>\n<td style=\"width: 25%;\"><a href=\"https:\/\/renedk.dk\/wp-content\/uploads\/2023\/03\/838.pdf\"><img loading=\"lazy\" decoding=\"async\" class=\"aligncenter wp-image-1374 size-full\" src=\"https:\/\/renedk.dk\/wp-content\/uploads\/2023\/03\/829-pdf-227x300-1.jpg\" alt=\"\" width=\"227\" height=\"300\" \/><\/a><\/td>\n<td style=\"width: 25%;\">3200 kr.-<\/td>\n<\/tr>\n<tr>\n<td style=\"width: 25%;\"><\/td>\n<td style=\"width: 25%;\"><\/td>\n<td style=\"width: 25%;\"><\/td>\n<td style=\"width: 25%;\"><\/td>\n<\/tr>\n<tr>\n<td style=\"width: 25%;\"><\/td>\n<td style=\"width: 25%;\"><\/td>\n<td style=\"width: 25%;\"><\/td>\n<td style=\"width: 25%;\"><\/td>\n<\/tr>\n<\/tbody>\n<\/table>\n","protected":false},"excerpt":{"rendered":"<p>OBS: Alle kreaturer s\u00e6lges kun til dem som har et gyldigt CHR nummer. Alle priser er excl. moms. Alle vores Dexter g\u00e5r ude \u00e5ret rund hvor de afgr\u00e6sser engarealer, som&hellip; <\/p>\n","protected":false},"author":1,"featured_media":0,"parent":0,"menu_order":0,"comment_status":"closed","ping_status":"closed","template":"","meta":{"footnotes":""},"_links":{"self":[{"href":"http:\/\/renedk.dk\/index.php?rest_route=\/wp\/v2\/pages\/184"}],"collection":[{"href":"http:\/\/renedk.dk\/index.php?rest_route=\/wp\/v2\/pages"}],"about":[{"href":"http:\/\/renedk.dk\/index.php?rest_route=\/wp\/v2\/types\/page"}],"author":[{"embeddable":true,"href":"http:\/\/renedk.dk\/index.php?rest_route=\/wp\/v2\/users\/1"}],"replies":[{"embeddable":true,"href":"http:\/\/renedk.dk\/index.php?rest_route=%2Fwp%2Fv2%2Fcomments&post=184"}],"version-history":[{"count":38,"href":"http:\/\/renedk.dk\/index.php?rest_route=\/wp\/v2\/pages\/184\/revisions"}],"predecessor-version":[{"id":1476,"href":"http:\/\/renedk.dk\/index.php?rest_route=\/wp\/v2\/pages\/184\/revisions\/1476"}],"wp:attachment":[{"href":"http:\/\/renedk.dk\/index.php?rest_route=%2Fwp%2Fv2%2Fmedia&parent=184"}],"curies":[{"name":"wp","href":"https:\/\/api.w.org\/{rel}","templated":true}]}}