{"id":1345,"date":"2023-02-08T21:46:00","date_gmt":"2023-02-08T20:46:00","guid":{"rendered":"https:\/\/renedk.dk\/?page_id=1345"},"modified":"2023-02-08T21:56:09","modified_gmt":"2023-02-08T20:56:09","slug":"retningslinier","status":"publish","type":"page","link":"http:\/\/renedk.dk\/?page_id=1345","title":{"rendered":"Retningslinjer"},"content":{"rendered":"<table style=\"border-collapse: collapse; width: 100%;\">\n<tbody>\n<tr>\n<td style=\"width: 100%;\"><u>NYE RETNINGSLINIER:<\/u><\/p>\n<p>I forbindelse med de nye sk\u00e6rpede regler fra F\u00f8devarestyrelsen er f\u00f8lgende retningslinjer g\u00e6ldende fra dags dato (08-02-2023).<\/p>\n<ul>\n<li><strong><u>Leje af ridehus\/ridebane:<\/u><\/strong><\/li>\n<li>Ved betaling med Mobilepay <strong><u>skal<\/u><\/strong> der i kommentar feltet skrives brugerens bes\u00e6tningsnummer.<\/li>\n<li><strong><em>Og det skal der g\u00f8res hver gang man laver en betaling, om det enten er dags eller m\u00e5nedskort.<\/em><\/strong><\/li>\n<\/ul>\n<ul>\n<li>Til dem som allerede har betalt for m\u00e5nedskort, da g\u00e6lder det fra n\u00e6ste gang man betaler for m\u00e5nedskort.<\/li>\n<li><strong><u>Undervisning:<\/u><\/strong><\/li>\n<li>Ved betaling med Mobilepay <strong><u>skal<\/u><\/strong> der i kommentar feltet skrives brugerens bes\u00e6tningsnummer.<\/li>\n<li>G\u00e6lder ikke for heste, som er opstaldet p\u00e5 Egknudgaard.<\/li>\n<li><strong><u>Betaling og andet:<\/u><\/strong><\/li>\n<li>\u00d8nsker man at betale via bankoverf\u00f8rsel g\u00e6lder samme regler, at man skriver brugerens bes\u00e6tningsnummer ved betalingen.<\/li>\n<li>Vi har valgt at man skal oplyse bes\u00e6tningsnummer, da man har alle oplysninger i et nummer.<\/li>\n<li>Samme retningslinier bliver sat op ved indgangen til ridehuset, s\u00e5 man bliver mindet om dem.<\/li>\n<li>Har man sp\u00f8rgsm\u00e5l, s\u00e5 henvender man sig til Rene Lindberg.<\/li>\n<li><strong><u>Opstaldere:<\/u><\/strong><\/li>\n<li>Disse regler omfatter ikke opstaldere, da de er registreret ved indg\u00e5else af kontrakt, og det ofte benyttede ridehus\/ridebane er sat til Egknudgaard Vardevej 2, 6870 \u00d8lgod.<\/li>\n<\/ul>\n<p><strong><em><u>Hvis man ikke vil efterleve disse regler, s\u00e5 har man som udgangspunkt ingen adgang til Egknudgaard Vardevej 2, 6870 \u00d8lgod.<\/u><\/em><\/strong><\/td>\n<\/tr>\n<\/tbody>\n<\/table>\n","protected":false},"excerpt":{"rendered":"<p>NYE RETNINGSLINIER: I forbindelse med de nye sk\u00e6rpede regler fra F\u00f8devarestyrelsen er f\u00f8lgende retningslinjer g\u00e6ldende fra dags dato (08-02-2023). Leje af ridehus\/ridebane: Ved betaling med Mobilepay skal der i kommentar&hellip; <\/p>\n","protected":false},"author":1,"featured_media":0,"parent":0,"menu_order":0,"comment_status":"closed","ping_status":"closed","template":"","meta":{"footnotes":""},"_links":{"self":[{"href":"http:\/\/renedk.dk\/index.php?rest_route=\/wp\/v2\/pages\/1345"}],"collection":[{"href":"http:\/\/renedk.dk\/index.php?rest_route=\/wp\/v2\/pages"}],"about":[{"href":"http:\/\/renedk.dk\/index.php?rest_route=\/wp\/v2\/types\/page"}],"author":[{"embeddable":true,"href":"http:\/\/renedk.dk\/index.php?rest_route=\/wp\/v2\/users\/1"}],"replies":[{"embeddable":true,"href":"http:\/\/renedk.dk\/index.php?rest_route=%2Fwp%2Fv2%2Fcomments&post=1345"}],"version-history":[{"count":10,"href":"http:\/\/renedk.dk\/index.php?rest_route=\/wp\/v2\/pages\/1345\/revisions"}],"predecessor-version":[{"id":1356,"href":"http:\/\/renedk.dk\/index.php?rest_route=\/wp\/v2\/pages\/1345\/revisions\/1356"}],"wp:attachment":[{"href":"http:\/\/renedk.dk\/index.php?rest_route=%2Fwp%2Fv2%2Fmedia&parent=1345"}],"curies":[{"name":"wp","href":"https:\/\/api.w.org\/{rel}","templated":true}]}}